actors of 245847003.
3, 81949001
What are the prime factors of 71948075?
5, 103, 27941
List the prime factors of 900990821.
29, 31068649
What are the prime factors of 935831538?
2, 3, 17, 541, 5653
List the prime factors of 7473892272.
2, 3, 7, 11, 2022157
What are the prime factors of 129429439?
129429439
List the prime factors of 1105165509.
3, 7, 139, 241, 1571
List the prime factors of 59098150.
2, 5, 1181963
What are the prime factors of 58943579?
53, 1112143
What are the prime factors of 3383809832?
2, 13, 5333, 6101
List the prime factors of 336432558.
2, 3, 7, 11, 728209
List the prime factors of 692539356.
2, 3, 57711613
What are the prime factors of 3436223653?
41, 233, 359701
List the prime factors of 161758726.
2, 80879363
List the prime factors of 74843800.
2, 5, 374219
List the prime factors of 126118223.
7, 11, 17, 23, 59, 71
List the prime factors of 528510604.
2, 132127651
List the prime factors of 100070889.
3, 33356963
List the prime factors of 1060911172.
2, 157, 967, 1747
What are the prime factors of 176938325?
5, 647, 10939
What are the prime factors of 796019391?
3, 577, 153287
What are the prime factors of 850379036?
2, 13, 59, 277177
What are the prime factors of 62057872?
2, 3878617
List the prime factors of 98098947.
3, 10899883
What are the prime factors of 75836740?
2, 5, 7, 29, 18679
What are the prime factors of 343804362?
2, 3, 11, 17, 306421
List the prime factors of 87116252.
2, 21779063
What are the prime factors of 256227992?
2, 29, 1104431
What are the prime factors of 2368810973?
29, 1361, 60017
List the prime factors of 782198740.
2, 5, 173, 181, 1249
What are the prime factors of 72429983?
72429983
List the prime factors of 127625668.
2, 31906417
What are the prime factors of 1460007981?
3, 487, 333107
What are the prime factors of 1280930828?
2, 19, 59, 285667
List the prime factors of 192388040.
2, 5, 13, 419, 883
What are the prime factors of 85618000?
2, 5, 13, 37, 89
What are the prime factors of 56540337?
3, 7, 1619, 1663
What are the prime factors of 227175111?
3, 47, 19891
List the prime factors of 175653948.
2, 3, 37, 101, 3917
What are the prime factors of 586687789?
181, 3241369
List the prime factors of 180190060.
2, 5, 101, 89203
List the prime factors of 64837803.
3, 21612601
What are the prime factors of 145811193?
3, 11, 17, 15289
What are the prime factors of 98055832?
2, 7, 137, 12781
What are the prime factors of 260811356?
2, 13, 61, 82223
What are the prime factors of 17114827?
17114827
List the prime factors of 655263259.
7, 181, 517177
What are the prime factors of 4391620?
2, 5, 23, 9547
What are the prime factors of 732784552?
2, 19, 4820951
List the prime factors of 496220940.
2, 3, 5, 2756783
What are the prime factors of 46310315?
5, 19, 487477
List the prime factors of 184853832.
2, 3, 7702243
What are the prime factors of 274894217?
13, 41, 97, 409
List the prime factors of 1159146960.
2, 3, 5, 4829779
List the prime factors of 388652801.
2357, 164893
What are the prime factors of 515132296?
2, 7, 1314113
What are the prime factors of 658407365?
5, 7, 11, 17, 2053
What are the prime factors of 76958799?
3, 367, 69899
What are the prime factors of 4125696?
2, 3, 17, 79
List the prime factors of 36062272.
2, 37, 97, 157
List the prime factors of 263478308.
2, 17, 173, 22397
List the prime factors of 962108692.
2, 229, 1050337
What are the prime factors of 15122869?
15122869
What are the prime factors of 359737702?
2, 31, 5802221
What are the prime factors of 31784542?
2, 487, 32633
List the prime factors of 57069422.
2, 263, 108497
List the prime factors of 44584404.
2, 3, 17, 218551
What are the prime factors of 52643235?
3, 5, 3509549
What are the prime factors of 253540837?
11, 23049167
What are the prime factors of 5573475241?
3803, 1465547
What are the prime factors of 51285970?
2, 5, 487, 10531
List the prime factors of 115636425.
3, 5, 1541819
What are the prime factors of 149501752?
2, 59, 383, 827
List the prime factors of 3298191631.
7, 223, 2112871
List the prime factors of 329483.
7, 11, 389
What are the prime factors of 13620512?
2, 425641
What are the prime factors of 1996097438?
2, 883, 1130293
What are the prime factors of 4537419934?
2, 2268709967
List the prime factors of 685859861.
37, 47, 181, 2179
List the prime factors of 1839017076.
2, 3, 13, 11788571
What are the prime factors of 72910378?
2, 36455189
What are the prime factors of 368707546?
2, 61, 191, 15823
What are the prime factors of 52772546?
2, 26386273
What are the prime factors of 96058051?
23, 1123, 3719
List the prime factors of 6001939747.
2843, 2111129
List the prime factors of 820240123.
17, 2521, 19139
What are the prime factors of 99737098?
2, 773, 64513
List the prime factors of 66728522.
2, 7, 173, 27551
List the prime factors of 1351648855.
5, 307, 880553
List the prime factors of 707346447.
3, 235782149
What are the prime factors of 55816552?
2, 11, 634279
What are the prime factors of 66986579?
11, 17, 41, 8737
What are the prime factors of 1770540527?
7, 313, 808097
What are the prime factors of 31372069?
23, 43, 31721
List the prime factors of 24356063.
4241, 5743
What are the prime factors of 133019208?
2, 3, 7, 263927
What are the prime factors of 4850651017?
4850651017
What are the prime factors of 2813095047?
3, 7, 71, 409, 659
List the prime factors of 76967046.
2, 3, 13, 328919
List the prime factors of 226088764.
2, 11, 97, 52973
List the prime factors of 38892359.
11, 47, 75227
What are the prime factors of 57519907?
601, 95707
List the prime factors of 717868351.
67, 563, 19031
What are the prime factors of 624003072?
2, 3, 7, 11, 1319
List the prime factors of 1598005520.
2, 5, 71, 281339
List the prime factors of 223153873.
149, 719, 2083
List the prime factors of 705590088.
2, 3, 7, 359, 11699
What are the prime factors of 380729548?
2, 61, 71, 21977
List the prime factors of 53219575.
5, 2128783
What are the prime factors of 491773079?
7, 47, 1033, 1447
What are the prime factors of 839923063?
7, 17, 19, 53069
What are the prime factors of 133139024?
2, 37, 224897
List the prime factors of 84725983.
84725983
What are the prime factors of 14388681?
3, 17, 19, 31, 479
What are the prime factors of 68089753?
68089753
List the prime factors of 774282560.
2, 5, 733, 3301
List the prime factors of 105259988.
2, 17, 1547941
List the prime factors of 126901275.
3, 5, 1692017
What are the prime factors of 339162043?
11, 30832913
List the prime factors of 471579999.
3, 11, 47, 304049
List the prime factors of 191766332.
2, 311, 154153
List the prime factors of 1331750454.
2, 3, 17, 131, 99667
What are the prime factors of 84054552?
2, 3, 3502273
What are the prime factors of 432258854?
2, 19, 31, 83, 4421
What are the prime factors of 4139103117?
3, 71, 131, 148339
List the prime factors of 122308105.
5, 24461621
List the prime factors of 131036361.
3, 223, 195869
List the prime factors of 47415586.
2, 59, 401827
What are the prime factors of 677652852?
2, 3, 1823, 30977
What are the prime factors of 74013071?
11, 109, 61729
List the prime factors of 2825373.
3, 941791
List the prime factors of 70296328.
2, 8787041
List the prime factors of 218533767.
3, 6217, 11717
What are the prime factors of 64740648?
2, 3, 7, 31, 401
List the prime factors of 45565165.
5, 43, 211931
List the prime factors of 227830000.
2, 5, 22783
List the prime factors of 138762971.
613, 226367
What are the prime factors of 31158602?
2, 15579301
List the prime factors of 25493094.
2, 3, 11, 199, 647
List the prime factors of 31722586.
2, 7, 2265899
List the prime factors of 941119492.
2, 11677, 20149
List the prime factors of 588699246.
2, 3, 29, 83, 40763
What are the prime factors of 221606355?
3, 5, 14773757
List the prime factors of 1916240160.
2, 3, 5, 281, 14207
What are the prime factors of 622264126?
2, 11, 23, 797, 1543
What are the prime factors of 1548506739?
3, 13, 97, 409333
What are the prime factors of 75907343?
75907343
What are the prime factors of 69112642?
2, 4177, 8273
List the prime factors of 29409269.
17, 1729957
What are the prime factors of 648008312?
2, 7, 17, 680681
What are the prime factors of 6900561346?
2, 7, 37, 271, 49157
What are the prime factors of 43914297?
3, 7,